 Calculate the greatest common divisor of j and 184.
23
Let f = 486 + -294. Calculate the highest common factor of f and 144.
48
Let r be ((-240)/168)/((-1*2)/14). Calculate the highest common factor of 640 and r.
10
Let h = 2163 + -2147. What is the highest common factor of h and 1376?
16
Let s = 21 + -17. Let d = 30 - s. Calculate the greatest common divisor of 39 and d.
13
Suppose -234 = -5*q + 4*g, -7*q = -5*q - 4*g - 84. Let k(l) = -l + 20. Let i be k(0). Calculate the highest common factor of q and i.
10
Let z = -1405 - -1416. What is the greatest common factor of 550 and z?
11
Let d = 164 - 162. Calculate the highest common divisor of d and 82.
2
Suppose 0 = 3*x + 3, 212 = j + 3*j + 4*x. Let g = j - 24. Suppose l = -l + g. What is the greatest common factor of l and 3?
3
Suppose -2*r + 42 = -0*r. Let f be (-66)/r + 4/28. Let o be -2 + (-3 - f) + 46. What is the highest common factor of o and 11?
11
Suppose 45*u + 14*u = 59. Calculate the highest common factor of u and 71.
1
Suppose 5*i = 10*h - 15*h + 105, 4*i - 5*h - 111 = 0. What is the highest common factor of 44 and i?
4
Let x(r) = -13*r - 6. Let a = -22 + 20. Let q be x(a). Calculate the highest common factor of q and 50.
10
Let d be (-36)/(-16)*1440/108. Calculate the greatest common divisor of d and 42.
6
Let i = -6 + 6. Suppose -k + 797 = r, k - 5*k - 5*r + 3193 = i. Suppose -k = -5*f + f. Calculate the highest common factor of 22 and f.
22
Suppose -182 = -20*i + 7*i. What is the greatest common factor of 70 and i?
14
Let a = -433 + 562. Calculate the greatest common factor of 86 and a.
43
Let v = 11 + -9. Suppose v*m = -2*n + 384, 4*n - 3*m + 448 = 1216. Calculate the highest common factor of n and 24.
24
Suppose 1436 = 8*y - 1828. Calculate the greatest common factor of 68 and y.
68
Let t(r) = -4*r + 3. Let f be t(-3). Let n = 68 + -58. Calculate the highest common factor of f and n.
5
Let l = 10551 + -10473. Let c(u) = 3*u - 1. Let g be c(1). Suppose -121 + 7 = -4*p - g*q, -4*p - 3*q = -119. Calculate the greatest common divisor of l and p.
26
Let h be (-3 + 4)*(0 - -29). Suppose 297*o - 296*o = 261. Calculate the highest common divisor of h and o.
29
Let z(r) = r**3 - 7*r**2 + 6*r + 14. Let v be z(7). Suppose -m = 3*m - v. Calculate the greatest common divisor of m and 154.
14
Let r be -3*(2 - (-40)/(-12)). Suppose -3*h + r*h = 3. Let m be 1 - (h - 52/4). What is the greatest common factor of 33 and m?
11
Let h(p) = -p**3 + 52*p**2 - 192*p + 25. Let b be h(48). Suppose d - 55 = -5. Calculate the greatest common factor of b and d.
25
Let y = 276 + -132. Let g(l) = 2*l**3 - 27*l**2 - 14*l + 18. Let z be g(14). What is the greatest common factor of y and z?
18
Let w = -25 - -52. Suppose 0 = -7*y + 3*y - 4*d + 1196, 0 = -y - 2*d + 301. Calculate the greatest common factor of w and y.
27
Suppose 75 = 1367*j - 1366*j. Calculate the highest common divisor of j and 30.
15
Let f(o) = 29*o**2 - 1. Suppose -3*d = -2*b + 9 + 2, 6 = -2*d. Let y be f(b). What is the greatest common factor of y and 84?
28
Let j = 14 + -8. Suppose -3*d - 4 = 4*k - 3, -3*d = -3*k - j. Let c(z) = 23*z**2 - 2*z + 1. Let t be c(d). What is the greatest common factor of t and 198?
22
Suppose -2*x - 60 = -6*x. Let t(n) = n**2 - 16*n + 32. Let z be t(14). Suppose s - 75 = -z*s. What is the greatest common divisor of s and x?
15
Let p(w) = -11*w**3 - 2*w**2 - 48*w + 8. Let v be p(-6). What is the greatest common factor of 26 and v?
26
Let z be (-768)/(-18)*(-9)/(-6). Let y be (-38)/(-209) - z/(-11). Suppose -y = v - 20. What is the greatest common factor of v and 14?
14
Suppose -13 = q - 109. Suppose 0*p - 5*i - 150 = -5*p, -2*i + q = 4*p. Suppose 0 = -2*h + p + 16. What is the greatest common factor of h and 189?
21
Suppose -4*c - 6 = -3*g - 78, 0 = g. Let d be 58/c + -4*(-1)/(-18). What is the greatest common divisor of d and 3?
3
Let y = -9 - -2. Let r = y - -17. Suppose 4*l - 2*l = r. What is the greatest common factor of 25 and l?
5
Let m = -2125 - -2167. Calculate the highest common factor of 672 and m.
42
Suppose -13 = 5*h - 43. Calculate the greatest common factor of 4 and h.
2
Suppose 2*x = -4*u + 3 - 15, 2*u + 4*x = 0. Let t be 5/(u/24*-15). Let h be 3/((-7)/(-2) - 2). What is the greatest common factor of t and h?
2
Let s(t) = 7*t + 77. Let w be s(5). Calculate the greatest common divisor of 7 and w.
7
Let r(u) = 13*u - 4. Let o = -12 + 21. Let b be r(o). Suppose 0 = 4*l + 21 - b. What is the greatest common divisor of 115 and l?
23
Let h = -39 + 77. What is the greatest common factor of 95 and h?
19
Let f be (-2 - -1)*(-18 - 41). Let d = -50 + f. What is the highest common divisor of d and 117?
9
Suppose 0 = -2*w + 1230 - 202. Let t = w + -97. Suppose t = 5*u + 4*a, 2 = 4*a + 10. Calculate the highest common divisor of 17 and u.
17
Let n(t) = 85*t**3 + 12*t**2 - 5*t + 4. Let u be n(1). Calculate the greatest common factor of u and 64.
32
Let w be 5/((6/144)/(14/40)). What is the highest common factor of 42 and w?
42
Suppose -336 = -26*p + 20*p. What is the highest common divisor of p and 560?
56
Suppose 6*f - 127 = -x - 5*f, 4*x - 263 = 5*f. What is the greatest common factor of 216 and x?
72
Let r = -7 + 9. Suppose 3*y + 204 = -4*m + 4*y, r*y - 252 = 5*m. Let f be 13/(m/(-504)) + 0. What is the greatest common divisor of f and 14?
14
Let a = 5 - 3. Suppose 3*s - a*s + 24 = 0. Let n = -10 - s. What is the greatest common factor of 7 and n?
7
Suppose v = -5*p + 69, 5*p - 35 = 3*v + 18. Let u be -1 + 2 - 1*-103. Calculate the highest common divisor of p and u.
13
Suppose 5*i - 5730 = -4*h, -2*i + 29*h = 25*h - 2320. Calculate the greatest common factor of 46 and i.
46
Let k(f) = -7*f - 53. Let g be k(-11). Calculate the highest common divisor of g and 348.
12
Let t be ((-24)/(-28))/(1 + (-25)/28). Let d(u) = -6*u + 2 + 0 + 2. Let x be d(-2). What is the highest common factor of x and t?
8
Let f(d) = d - 11. Suppose -2*r = -3*z + 37, r - 49 = -3*z - 9. Let m be f(z). Suppose -m*n = n - 567. What is the greatest common divisor of 21 and n?
21
Let y(x) = x**3 + 16*x**2 - 4*x - 27. Let a be y(-16). What is the highest common factor of a and 37?
37
Let o = 11 - 3. Let y = -67 - -73. Let b be y/(-18) - (-530)/6. Calculate the greatest common divisor of o and b.
8
Let k(b) = b**2 + 9*b - 244. Let j be k(-21). What is the greatest common divisor of 32 and j?
8
Suppose 78 = 52*r - 39*r. Suppose 2*q + 2*z + 0*z = 130, 2*z + 134 = 2*q. Calculate the greatest common factor of q and r.
6
Let x be -4*(-9)/12 + 13. Suppose 2*t = -t + 3. Let y be (0 + t)/(2/224). Calculate the greatest common divisor of x and y.
16
Let y be ((-3366)/(-15))/(-5 - 27/(-5)). What is the highest common factor of 51 and y?
51
Let v(f) = -2*f**2 - 29*f - 23. Let a be v(-13). Suppose -5*q + 28 = -2. Let z be ((-72)/14)/(q/(-28)). What is the greatest common factor of z and a?
8
Let r be (-7)/21 + (-154)/6. Let c = 48 + r. What is the highest common factor of 176 and c?
22
Let o be (260/15)/((-2)/(-3)). Let p be (2 + (-24)/9)*6. Let c be (-234)/(((-12)/p)/(-3)). What is the highest common factor of c and o?
26
Let t = 516 + -507. Calculate the greatest common factor of 15 and t.
3
Suppose 4*c - 38 - 30 = 0. Let j be ((-1360)/(-12))/(-10)*-12. Calculate the greatest common divisor of c and j.
17
Suppose -3*d - 5*w + 48 = 0, -62 - 2 = -4*d + 3*w. What is the greatest common factor of 52 and d?
4
Let r be 5/1 + -2 - (2 - -1). Suppose r = -4*u + 3*u + 11. Calculate the highest common factor of u and 11.
11
Suppose -2*b = -a + b + 12, 0 = 2*a - b - 4. Let l be (-6)/(-15)*(a + 5). What is the highest common divisor of l and 1?
1
Let v(f) = f + 5. Let n be v(3). Suppose -n = -3*k - 2. What is the highest common divisor of 1 and k?
1
Let y(z) = -z**2 + 9*z + 3. Suppose 0 = 3*l - 4*l + 9. Let a be y(l). Suppose -2*v + a*v = 2. What is the greatest common factor of 16 and v?
2
Let l(y) = -y**2 + 50*y - 289. Let z be l(43). Calculate the highest common divisor of 1668 and z.
12
Suppose 380*j - 384*j + 840 = 0. Calculate the greatest common factor of j and 42.
42
Suppose 0 = 3*k - 2*h + 176, -14 = -5*k + 5*h - 314. Let x = k - -76. What is the highest common factor of x and 100?
20
Let d be 888*3/38 + 330/(-3135). Calculate the highest common divisor o